n factor of 567 and 8603?
7
What is the highest common divisor of 640 and 89856?
128
Calculate the greatest common factor of 9362 and 31408.
302
What is the greatest common factor of 23270 and 2506?
358
What is the greatest common divisor of 432290 and 4665?
1555
Calculate the highest common divisor of 5 and 144745.
5
What is the greatest common factor of 2376 and 1287?
99
What is the highest common divisor of 15150 and 1050?
150
Calculate the greatest common factor of 221195 and 143.
13
Calculate the highest common divisor of 1919 and 8181.
101
Calculate the highest common factor of 90 and 4005.
45
Calculate the greatest common divisor of 42 and 16527.
21
What is the greatest common divisor of 13 and 771758?
13
Calculate the greatest common divisor of 38220 and 858.
78
Calculate the greatest common divisor of 166 and 128650.
166
Calculate the highest common factor of 82260 and 3645.
45
Calculate the highest common factor of 2586 and 562.
2
What is the greatest common divisor of 63342 and 1458?
162
What is the highest common divisor of 183 and 194041?
61
Calculate the highest common factor of 446880 and 168.
168
What is the greatest common factor of 153 and 117?
9
What is the greatest common divisor of 4262533 and 22?
11
What is the greatest common divisor of 135 and 38100?
15
Calculate the greatest common divisor of 145992 and 77.
77
What is the highest common divisor of 138 and 2508?
6
Calculate the highest common divisor of 256370 and 310.
310
Calculate the greatest common divisor of 491768 and 32.
8
What is the highest common factor of 113815 and 25?
5
Calculate the greatest common factor of 192 and 1126848.
192
Calculate the highest common factor of 912 and 285.
57
Calculate the highest common divisor of 3450221 and 183.
61
What is the greatest common divisor of 884704 and 64?
32
Calculate the highest common divisor of 4653 and 8847.
9
Calculate the greatest common divisor of 33929 and 91.
7
What is the highest common factor of 4657565 and 33?
11
Calculate the greatest common factor of 69 and 2093.
23
What is the greatest common divisor of 52 and 76843?
13
Calculate the greatest common divisor of 1026025 and 451.
451
Calculate the highest common divisor of 105353 and 13073.
769
Calculate the greatest common divisor of 7232 and 3904.
64
What is the greatest common factor of 186 and 142414?
62
Calculate the highest common divisor of 96 and 41964.
12
Calculate the greatest common factor of 1113 and 63070.
371
Calculate the greatest common divisor of 21960 and 1296.
72
What is the highest common divisor of 50286 and 174?
174
Calculate the greatest common divisor of 17 and 644317.
17
What is the greatest common factor of 12 and 97182?
6
Calculate the highest common factor of 790494 and 24.
6
What is the highest common factor of 162 and 143208?
162
What is the highest common factor of 48496 and 224?
112
Calculate the highest common factor of 761 and 2060027.
761
Calculate the highest common divisor of 151060 and 1365.
455
Calculate the greatest common divisor of 117106 and 2420.
22
What is the highest common divisor of 836 and 90934?
38
Calculate the highest common factor of 3220 and 124292.
644
Calculate the greatest common factor of 232738 and 497.
71
What is the highest common factor of 758746 and 3895?
779
Calculate the highest common factor of 209 and 172881.
19
Calculate the greatest common factor of 63 and 62349.
21
Calculate the greatest common divisor of 16318 and 2786.
398
Calculate the highest common divisor of 13673 and 1356.
113
What is the greatest common factor of 3707820 and 18?
18
What is the highest common divisor of 349444 and 3980?
796
Calculate the greatest common factor of 58 and 11146.
2
What is the highest common divisor of 3015 and 1077360?
1005
Calculate the highest common factor of 58350 and 1200.
150
Calculate the greatest common divisor of 36 and 2213844.
12
What is the greatest common divisor of 6804 and 12432?
84
What is the highest common factor of 3162630 and 940?
470
What is the highest common factor of 774 and 2158944?
258
What is the highest common factor of 4633 and 3239?
41
What is the highest common factor of 2480 and 81760?
80
Calculate the highest common divisor of 897 and 2980731.
897
What is the highest common divisor of 16842 and 84?
42
What is the highest common divisor of 470 and 503605?
235
What is the highest common divisor of 43875 and 2500?
125
What is the greatest common divisor of 98700 and 9150?
150
Calculate the greatest common factor of 627900 and 48.
12
Calculate the highest common factor of 205334 and 2.
2
What is the highest common divisor of 150 and 946650?
150
What is the highest common divisor of 5 and 5938?
1
What is the greatest common factor of 696746 and 5660?
566
What is the highest common divisor of 1 and 41216?
1
What is the highest common factor of 28 and 237377?
7
What is the greatest common divisor of 3153 and 60?
3
What is the greatest common factor of 60210 and 892?
446
Calculate the highest common factor of 843617 and 731.
43
Calculate the greatest common factor of 1672 and 36328.
152
What is the greatest common divisor of 42 and 6048?
42
What is the highest common divisor of 128775 and 1479?
51
Calculate the highest common divisor of 283 and 810512.
283
What is the highest common factor of 507300 and 19000?
1900
What is the greatest common divisor of 104 and 257192?
104
What is the greatest common divisor of 26 and 178373?
13
Calculate the highest common divisor of 83 and 94869.
83
What is the greatest common factor of 1659 and 7917?
21
What is the greatest common factor of 189280 and 1430?
130
What is the greatest common divisor of 7017 and 453?
3
Calculate the greatest common factor of 1860 and 60.
60
What is the greatest common factor of 211350 and 5475?
75
What is the greatest common divisor of 11 and 15829?
11
Calculate the highest common divisor of 8005 and 2.
1
What is the greatest common divisor of 110 and 579030?
10
Calculate the greatest common divisor of 44 and 9405.
11
What is the greatest common divisor of 10965 and 1785?
255
Calculate the highest common divisor of 51 and 885547.
17
What is the greatest common factor of 1056 and 39336?
264
What is the greatest common divisor of 4318149 and 57?
57
What is the greatest common divisor of 210792 and 32?
8
Calculate the greatest common factor of 30447 and 22797.
153
Calculate the highest common factor of 280 and 51485.
35
Calculate the highest common factor of 153 and 26452.
17
Calculate the highest common divisor of 503 and 20120.
503
What is the greatest common divisor of 10868 and 4180?
836
What is the greatest common divisor of 2 and 270004?
2
What is the highest common factor of 86 and 74605?
43
Calculate the greatest common factor of 380262 and 18.
6
What is the greatest common divisor of 1225290 and 220?
110
Calculate the highest common divisor of 4284099 and 1538.
769
Calculate the greatest common factor of 1936 and 1837.
11
What is the greatest common divisor of 32 and 441312?
32
What is the greatest common factor of 68 and 264503?
17
Calculate the greatest common divisor of 96 and 106716.
12
What is the greatest common factor of 417472 and 704?
704
Calculate the highest common divisor of 2366269 and 149.
149
What is the highest common divisor of 470525 and 87?
29
What is the highest common divisor of 223 and 62663?
223
Calculate the greatest common divisor of 366 and 1403.
61
What is the greatest common divisor of 184458 and 426?
426
Calculate the highest common divisor of 48117 and 27975.
1119
What is the greatest common divisor of 142 and 11224177?
71
What is the greatest common factor of 549234 and 378?
378
What is the greatest common divisor of 253 and 42251?
253
Calculate the greatest common factor of 710 and 109766.
142
Calculate the greatest common factor of 90 and 59076.
18
What is the highest common divisor of 80619 and 462?
231
Calculate the highest common factor of 618 and 2073802.
206
What is the highest common factor of 32 and 381376?
32
Calculate the greatest common factor of 24 and 203936.
8
Calculate the greatest common factor of 392 and 88480.
56
What is the greatest common factor of 7285 and 617768?
1457
What is the greatest common divisor of 31067 and 98489?
661
Calculate the hig